 and 62.
31
What is the highest common divisor of 32 and 2216?
8
What is the greatest common factor of 50 and 25?
25
Calculate the highest common divisor of 3 and 179.
1
What is the greatest common divisor of 12 and 39936?
12
Calculate the greatest common factor of 14 and 140.
14
Calculate the highest common divisor of 457 and 1.
1
What is the highest common divisor of 441 and 49?
49
What is the highest common factor of 1280 and 13568?
256
Calculate the greatest common divisor of 51 and 850.
17
What is the highest common divisor of 31 and 93?
31
Calculate the greatest common divisor of 309 and 6.
3
What is the highest common divisor of 24 and 6?
6
What is the greatest common divisor of 36 and 774?
18
Calculate the greatest common divisor of 15743 and 91.
91
What is the highest common divisor of 270 and 40?
10
Calculate the highest common factor of 99 and 35739.
99
What is the highest common factor of 120 and 640?
40
Calculate the highest common divisor of 1620 and 60.
60
Calculate the greatest common divisor of 138 and 207.
69
What is the highest common divisor of 12 and 324?
12
What is the greatest common divisor of 23120 and 10?
10
Calculate the greatest common divisor of 18 and 21.
3
Calculate the greatest common divisor of 156 and 69108.
156
What is the highest common factor of 442 and 374?
34
What is the highest common factor of 12798 and 18?
18
What is the greatest common divisor of 35 and 5705?
35
Calculate the greatest common factor of 6 and 256.
2
Calculate the greatest common factor of 8 and 127.
1
Calculate the greatest common divisor of 437 and 23.
23
Calculate the greatest common divisor of 19316 and 8.
4
Calculate the greatest common divisor of 3375 and 125.
125
Calculate the greatest common divisor of 13 and 19331.
13
Calculate the highest common divisor of 26 and 351.
13
Calculate the highest common factor of 1743 and 42.
21
Calculate the greatest common factor of 80 and 14120.
40
What is the greatest common factor of 620 and 8?
4
Calculate the greatest common factor of 47 and 376.
47
Calculate the highest common divisor of 1248 and 39.
39
What is the greatest common divisor of 1026 and 54?
54
Calculate the greatest common divisor of 10052 and 140.
28
Calculate the highest common factor of 14180 and 5.
5
What is the highest common divisor of 1210 and 550?
110
Calculate the greatest common divisor of 791 and 2599.
113
What is the highest common divisor of 76 and 133?
19
Calculate the highest common factor of 720 and 3720.
120
What is the greatest common factor of 19 and 17993?
19
Calculate the greatest common divisor of 465 and 120.
15
What is the greatest common divisor of 28157 and 37?
37
What is the highest common divisor of 7 and 5012?
7
Calculate the highest common divisor of 836 and 594.
22
What is the highest common factor of 351 and 65?
13
Calculate the highest common divisor of 134 and 1742.
134
What is the greatest common divisor of 23 and 30383?
23
Calculate the greatest common factor of 473 and 77.
11
What is the greatest common divisor of 2 and 498?
2
What is the greatest common divisor of 2015 and 26?
13
What is the highest common divisor of 190 and 310?
10
What is the greatest common factor of 76 and 266?
38
What is the greatest common divisor of 123 and 246?
123
Calculate the greatest common divisor of 737 and 33.
11
What is the greatest common factor of 10 and 6515?
5
What is the highest common divisor of 1716 and 99?
33
What is the greatest common factor of 203 and 14?
7
Calculate the highest common factor of 38934 and 42.
42
Calculate the highest common factor of 504 and 1368.
72
Calculate the greatest common divisor of 1442 and 14.
14
What is the highest common factor of 10 and 1305?
5
Calculate the highest common factor of 667 and 29.
29
Calculate the highest common divisor of 150 and 850.
50
What is the highest common divisor of 504 and 63?
63
Calculate the highest common divisor of 294 and 273.
21
What is the highest common factor of 5080 and 5?
5
Calculate the highest common factor of 51 and 1173.
51
What is the highest common factor of 1638 and 13?
13
Calculate the highest common divisor of 689 and 65.
13
Calculate the greatest common divisor of 130 and 10.
10
What is the highest common divisor of 215 and 29670?
215
Calculate the greatest common factor of 8018 and 190.
38
What is the highest common divisor of 15 and 27?
3
What is the greatest common divisor of 2449 and 869?
79
What is the highest common divisor of 435 and 15?
15
What is the greatest common factor of 110 and 24970?
110
Calculate the highest common divisor of 24808 and 14.
14
What is the greatest common factor of 4853 and 23?
23
What is the greatest common factor of 2310 and 110?
110
Calculate the greatest common factor of 1068 and 156.
12
What is the greatest common divisor of 387 and 36?
9
What is the highest common divisor of 115 and 207?
23
What is the greatest common factor of 117 and 17?
1
Calculate the highest common divisor of 2574 and 33.
33
Calculate the greatest common factor of 8464 and 16.
16
Calculate the greatest common divisor of 441 and 4998.
147
What is the greatest common divisor of 45 and 684?
9
Calculate the greatest common factor of 83358 and 198.
198
What is the greatest common divisor of 262 and 4?
2
What is the highest common factor of 4323 and 363?
33
Calculate the highest common factor of 1424 and 32.
16
Calculate the greatest common divisor of 736 and 2001.
23
What is the greatest common factor of 230 and 207?
23
Calculate the highest common factor of 1206 and 268.
134
What is the greatest common factor of 909 and 63?
9
Calculate the greatest common factor of 16 and 2272.
16
Calculate the greatest common divisor of 483 and 42.
21
What is the highest common factor of 12069 and 81?
81
What is the highest common divisor of 2880 and 11160?
360
What is the greatest common factor of 1827 and 189?
63
What is the greatest common factor of 285 and 10640?
95
Calculate the highest common factor of 18 and 1602.
18
Calculate the greatest common factor of 805 and 35.
35
Calculate the greatest common divisor of 126 and 2457.
63
Calculate the greatest common factor of 24 and 258.
6
What is the greatest common divisor of 660 and 300?
60
What is the greatest common divisor of 1334 and 368?
46
What is the highest common divisor of 168 and 448?
56
What is the highest common factor of 8325 and 2997?
333
Calculate the greatest common factor of 11349 and 104.
13
What is the greatest common factor of 341 and 121?
11
What is the greatest common factor of 819 and 36?
9
What is the highest common factor of 792 and 88?
88
What is the greatest common factor of 13440 and 72?
24
Calculate the greatest common divisor of 245 and 9359.
49
What is the greatest common divisor of 114 and 642?
6
What is the highest common divisor of 230 and 184?
46
Calculate the highest common factor of 6 and 111.
3
What is the greatest common factor of 91 and 845?
13
Calculate the greatest common factor of 5 and 575.
5
Calculate the greatest common divisor of 79 and 24095.
79
Calculate the highest common factor of 256 and 144.
16
Calculate the greatest common divisor of 114 and 59850.
114
What is the greatest common divisor of 53 and 53?
53
What is the greatest common divisor of 17290 and 30?
10
What is the greatest common factor of 25 and 200?
25
What is the highest common factor of 168 and 21?
21
What is the greatest common factor of 308 and 16?
4
What is the highest common divisor of 560 and 100?
20
What is the highest common divisor of 94 and 8554?
94
Calculate the greatest common divisor of 552 and 759.
69
Calculate the greatest common divisor of 26 and 14313.
13
Calculate the highest common factor of 3 and 1782.
3
What is the greatest common factor of 27 and 15?
3
What is the greatest common factor of 19 and 1?
1
Calculate the greatest common divisor of 580 and 464.
116
What is the highest common factor of 420 and 18?
6
Calculate the greatest common divisor of 240 and 15.
15
Calculate the greatest common factor of 69 and 6.
3
Calculate the highest common factor of 62 and 124.
62
What is the highest common factor of 784 and 84?
28
What is the greatest common divisor of 40 and 4040?
40
Calculate the greatest common factor of 50 and 575.
25
Calculate the hi